b be -1 - 2 - (-11 + 5). Let n(a) = -11*a - 2. What is n(b)?
-35
Let z(b) = 3*b - 1. Let u be z(1). Let h(m) = 1 + 45*m + u + 0 - 48*m + m**2. What is h(-3)?
21
Suppose 3*g + 0*g = -a, -5*a - 5*g = -10. Let o(m) be the second derivative of m**2 + 0 - 1/2*m**a - m + 1/12*m**4. What is o(4)?
6
Let l(i) = i**2 - 7*i + 2. Let n = -19 + 32. Let w(y) = -2*y**2 + 15*y - 5. Let s(c) = n*l(c) + 6*w(c). Let d be 2*(21/6 + -5). Give s(d).
8
Let h = -201 + 204. Let m(p) be the second derivative of -1/12*p**4 - p + 0 - 5/2*p**2 + 7/6*p**h. What is m(6)?
1
Suppose -4*x = -9*x - 10. Let n(z) = 5*z**2 - 61*z + 24. Let d(q) = -q**2 + 12*q - 5. Let c(v) = x*n(v) - 11*d(v). Calculate c(6).
-17
Let v(p) = p**3 + 5*p**2 + p - 8. Let f = 976 + -980. Give v(f).
4
Let t(r) = -4*r - 87. Let o be t(-20). Let i(q) = -q**2 - 10*q + 2. Give i(o).
23
Let u = -227 + 232. Let i(g) = 3*g + 1. Give i(u).
16
Let x(a) = 2*a + 4. Suppose 2*u - 30 + 16 = -4*s, 0 = -4*u + s + 10. Give x(u).
10
Let t(p) = -p**3 + p**2 + p + 3. Suppose 12*a - 48 = 8*a. Let b be (2 + (-28)/a)*-9. Determine t(b).
-12
Let t(h) = -100*h**2 + 2 + 36*h**2 - 10*h + 33*h**2 - 15 + 30*h**2. Let q be (-1 + 1 - -1)*-9. What is t(q)?
-4
Let j(v) = 0 - 5 - 5 + 9 - v + 5. Calculate j(5).
-1
Let w(o) be the second derivative of 5*o**3/6 - o**2/2 - 23*o. Calculate w(1).
4
Suppose -19 = c - 3*j, -4*c - 6 = -j + 3*j. Let k(g) = -2*g - 6. What is k(c)?
2
Let g = -1 - -1. Let i(x) be the third derivative of 0*x**4 + 0*x + 0 - 13/6*x**3 - 4*x**2 - 1/120*x**6 + 1/60*x**5. Give i(g).
-13
Let o(j) = -8*j**2 + 2. Let x(q) = -33*q**2 + 9. Let p(h) = -9*o(h) + 2*x(h). Determine p(1).
6
Let y(s) = -s**2 + 4*s - 3. Let a(b) = -22*b**3 + 3*b + 2. Let d be a(-1). Suppose 4*t + 1 = -4*i + d, 5*i = -t + 17. Give y(t).
1
Let c(u) = -5*u**3 - 8*u**2 - 11. Let z(p) = -2*p**3 - 4*p**2 - 5. Let j(d) = -3*c(d) + 7*z(d). Let r = 33 + -31. Let n be r + -3 + (-2 + 17)/3. Determine j(n).
-2
Let g(y) be the first derivative of -y**3/3 + 13*y**2/2 - 13*y + 21. Determine g(11).
9
Let f be (16/(-6))/(22/(-33)). Let t(o) = o + 1 + 2 - 3. Determine t(f).
4
Let d(y) = -y**3 - 4*y**2 - 4*y. Suppose v = -5 + 8. Suppose -v*s = 11*s + 42. Determine d(s).
3
Let x(b) = -b + 9. Let y be x(7). Let n(z) = -5 - 3*z**3 - 2*z + y*z**2 + 4 + 2*z**2 - z**2. What is n(2)?
-17
Let k(f) be the first derivative of 7/2*f**2 - 1/3*f**3 + f - 24. What is k(7)?
1
Let p = 56 + -47. Let d(m) = -m**3 + 2*m**2 - 6*m - 9. Let x(g) = g**3 - 3*g**2 + 5*g + 9. Let r(c) = -6*d(c) - 7*x(c). Determine r(p).
0
Let m be -2 + -6 + 9 + -8. Let c(l) be the second derivative of l**4/12 + 5*l**3/6 - 3*l**2 + l. Give c(m).
8
Let v(m) be the first derivative of 6 - 10 + 4*m - 3*m**2 + 6*m**2 - 2*m**2. Determine v(-5).
-6
Let b(d) = -d + 20. Let v be b(14). Let y(c) be the third derivative of c**4/12 - 2*c**3/3 + 8*c**2. Calculate y(v).
8
Let q(r) = -2*r + 1. Let g(o) = -14*o + 15. Let j(i) = -g(i) + 6*q(i). Determine j(7).
5
Suppose 18*c = 13*c - 20, 0 = -3*d - 4*c - 7. Let t(r) = 0 + 2*r + r**3 - 2*r**2 - 4 + 3. What is t(d)?
14
Let m be (((-80)/(-6))/(-4))/((-10)/15). Let q(f) be the third derivative of -1/60*f**m + 0*f + 1/120*f**6 + 6*f**2 + 0 - 1/6*f**4 + 0*f**3. Calculate q(3).
6
Suppose -q = -5*q + 8. Suppose q*h - 5*c - 39 = 3, 3*h + c - 63 = 0. Suppose 0 = -2*o - 9 + h. Let j(a) = -a + 6. What is j(o)?
0
Suppose 5*n + 6 = -5*z - 9, 3*z + 29 = 2*n. Let j(k) be the third derivative of -k**4/24 + k**3/2 + 2*k**2 + 42*k. What is j(z)?
10
Let u(w) = w**2 - 3*w - 4. Let x(i) = i**2 - 1. Let f(s) = u(s) - 2*x(s). Calculate f(-6).
-20
Let h = 18 + -30. Let x = h - -19. Let k(d) = 8 + d**3 + d - x*d**2 - d**2 + 5*d. Give k(7).
1
Let g(y) = 6 - 2*y - y - 3*y**2 + 4*y**2 - 13 + 9. What is g(-5)?
42
Let g(v) = 3*v**3 - 14*v**2 + 5*v + 3. Let w(c) = -10*c**3 + 44*c**2 - 16*c - 10. Let z(i) = -16*g(i) - 5*w(i). Calculate z(-3).
-16
Suppose 0 = -2*x - 2*f - 10, 0 = -3*x - 2*f - 9 - 1. Suppose 5*r + 2*j + 28 = x, -3*r + 2*j - 8 + 4 = 0. Let s(w) = w - 2. Calculate s(r).
-6
Suppose -5*s - 4*z = -4, -z - 3*z = 3*s + 4. Suppose 2*n + 6 = 4*o - s, 3*n = -2*o + 17. Suppose 5*b = t - o + 23, b = t + 3. Let r(y) = y**2. Determine r(t).
1
Let x(w) = 3*w**2 + 2*w**2 + 908*w**3 - 3*w**2 - w**2 - 920*w**3. Let v = -3 + 2. Calculate x(v).
13
Let p(a) = -29*a**3 + 7*a**2 - 11*a + 13. Let c(x) = 23*x**3 - 8*x**2 + 11*x - 14. Let g(l) = -5*c(l) - 4*p(l). Calculate g(-13).
-8
Let z(f) = 0*f**2 + 25 - 11 + f**2 + 5*f - 7 - 1. What is z(-3)?
0
Let s(x) = -3*x**2 - 3*x - 2. Let y(w) = w**2 - 2*w - 3. Suppose -v - l = 2 - 0, 0 = 5*l. Let j be y(v). Let u = j - 7. Give s(u).
-8
Let d(r) be the third derivative of -r**4/8 - r**3/6 - 29*r**2. Determine d(-1).
2
Let i(l) = -9*l**3 + l**2 - l. Let v(c) = -c**2 - 3*c + 6. Let q be v(-4). Suppose q*u - 8 = 3*p, -3*u + u - 4*p - 6 = 0. What is i(u)?
-9
Let s(w) be the first derivative of -w**7/840 + w**6/72 - w**4/6 - w**3/3 + 1. Let q(z) be the third derivative of s(z). Let l = 30 + -26. What is q(l)?
12
Let n(q) = q**2 - 7*q - 2. Let u(f) = -7*f + 77. Let w be u(10). What is n(w)?
-2
Let i(v) be the first derivative of v**4/24 + 11*v**3/6 + 2*v**2 + 11. Let o(j) be the second derivative of i(j). Give o(0).
11
Let k(a) be the first derivative of 13*a**3/6 + 16*a + 4. Let y(z) be the first derivative of k(z). Suppose 3*n - 2*n = -1. Determine y(n).
-13
Let t(o) = o**3 - 11*o**2 + 17*o + 3. Suppose -3*f - 4*h + 35 = 0, 2*h + 7 = 2*f - 7. Give t(f).
-6
Let r(a) = a**3 + 7*a**2 + 5*a - 7. Let l be r(-6). Let t(g) = -g**2 - 2*g - 2. Let m be t(l). Let o be (m + 2 - 2)*-1. Let x(y) = -5*y**2. Determine x(o).
-5
Let s = 425 - 420. Let z(f) = f**3 - 5*f**2 - 2*f - 4. Calculate z(s).
-14
Let b(m) be the third derivative of m**6/120 - m**5/12 - m**4/6 - m**3/2 - 79*m**2. What is b(6)?
9
Let n(r) = r + 2. Let t be 8/36 - (25/(-9) + 1). Let b(a) be the first derivative of -a + 2. Let v(m) = t*n(m) + 6*b(m). Calculate v(4).
6
Let o = 251 - 262. Let u(r) = r**2 + 12*r + 9. What is u(o)?
-2
Let x(c) = -4*c**3 - 1256*c - 3*c**2 + 1258*c + c**2. What is x(-2)?
20
Let c = -3 + 14. Let t(w) = 12 - 2*w - c + 14*w**2 - 13*w**2. Suppose -2*o - 4*b - 17 = -3, 21 = 2*o - 3*b. Calculate t(o).
4
Let o = -9 - -15. Let k(g) be the first derivative of -g**4/4 + 5*g**3/3 + 3*g**2 + 7*g + 2103. Calculate k(o).
7
Suppose -73 + 31 = -7*g. Let v be (2/(-3))/((-2)/6). Suppose 2*k - 10 = v*x + g*k, 3*k = 5*x - 1. Let n(w) = 4*w**2 - w. Give n(x).
5
Let i(t) = 1 + 3*t - 1. Suppose 9*v - 4 + 22 = 0. Let o be (-20)/(-40)*(-1 - -3) + v. Calculate i(o).
-3
Let q(a) = -2*a**2 - 12*a - 4. Let z = -163 + 157. Give q(z).
-4
Suppose 4*u + 19 = 2*p - 7*p, 28 = -5*u - 2*p. Let k be 5 + 3/((-9)/(-12)). Let c(w) = 1 + 0 + w**2 + k*w - 5*w + 3*w. Give c(u).
-5
Suppose -5*l = 3*b + 26, b = -4*l + 3*b - 34. Let d = l + 14. Let q(o) = -13 + 2 + 6 + d - 6*o - o**2. Give q(-5).
7
Let c(l) = -l + 2. Suppose -30 = -5*f + 5. Let i(r) = -r**2 + 7*r - 2. Let n be i(f). Let z be c(n). Let b(u) = u**3 - 4*u**2 - u + 4. What is b(z)?
0
Suppose 7*x = 23 + 26. Let v(n) = 5*n - 1 + x*n**3 - 3*n + 0*n**3. Determine v(1).
8
Suppose 2*h = 10*h + 120. Let d(l) = -l**2 - 15*l - 2. Determine d(h).
-2
Let p(u) = u**2 + 1. Let n(y) = y**2 - y - 2. Let q(v) = v**2 - 14*v - 8. Let j(o) = -6*n(o) + q(o). Let z(h) = -j(h) - 6*p(h). Calculate z(7).
-3
Let s(u) = -u**2 + 16*u - 40. Let b be s(4). Let d(o) = -o**2 + 9*o + 11. Determine d(b).
19
Let f(d) = -8 + 2*d - d - 2*d - 7. Let w(i) = -i**2 + 25*i - 24. Let l be w(24). Give f(l).
-15
Let o(x) = x**3 - x**2 + x - 16. Suppose r - 9 - 6 = 0. Suppose -r*n + 11*n = 0. Give o(n).
-16
Let l(c) = 2*c**2 + 2*c - 3. Let o be (28/(-112))/((-2)/(-24)). Give l(o).
9
Let g(x) = -x**2 - x + 2. Let c(o) = o**2 + 19*o + 9. Let s be c(-19). Suppose -3*y = 4*z, -4*z + s = -3*y + 33. What is g(z)?
-4
Let b be 6/9 - 1/(-3). Let c = 121 - 118. Let v(q) = 315*q - 1 + 2 - 7*q**c - 315*q. Calculate v(b).
-6
Let l(c) = -c**3 + 11*c**2 - 8*c + 1. Let x be (-2)/(-9) - (-176)/18. What is l(x)?
21
Let q(k) = k**2 - 11*k + 9. Suppose -129 + 141 = d. Calculate q(d).
21
Let k = -107 - -111. Let a(x) = 6*x**2 + 5 - 12*x**2 + 2*x**2 + 3*x**2 + 2*x. Calculate a(k).
-3
Let n be 3 + -1*6 + 3. Let h(v) be the third derivative of -1/